 = 142 + l. Let m(o) = -9*o + 200. Calculate the remainder when s is divided by m(18).
35
Let p(i) = -i - 3*i - 2 + 9 + 3*i - i**3 - 8*i**2. Suppose 110 = 4*y - d, 5*d + 159 = 5*y + 14. What is the remainder when y is divided by p(-8)?
12
Let m(i) = i**3 + 29*i**2 + 147*i + 3753. Calculate the remainder when 817 is divided by m(-28).
396
Let l = -28 - -25. Let k = l - -3. Suppose r - 43 = -2*d - 2*d, -4*r - 5*d + 128 = k. What is the remainder when r is divided by 14?
13
Suppose -8*w + 218 + 206 = 0. Let m = 188 - w. Calculate the remainder when m is divided by 35.
30
Let u be (26*(-2)/(-8))/((-9)/(-1134)). Let a = u + -491. Calculate the remainder when a is divided by 22.
20
Suppose k + 1339 = 12*k + 129. Calculate the remainder when 986 is divided by k.
106
Let x be (1 + 0)*2 + 0. What is the remainder when x/(-2) + (-71)/(-1) is divided by ((-846)/99 + 8)/(164/33 + -5)?
16
Suppose 13*c - 135 = -2*c. Suppose -c*p + 30 = p. Calculate the remainder when 8 is divided by p.
2
Let r be (6/15)/((-4)/10). Let v be r/(36/(-8) + 4). Suppose v*t - k = k + 112, -k = -5*t + 288. Calculate the remainder when t is divided by 15.
13
Suppose -63*q + 3773 = 59*q + 1455. Calculate the remainder when 4*16 + 1 + 2 is divided by q.
10
Let s(n) = n**3 - 66*n**2 + 67*n + 52. What is the remainder when 3259 is divided by s(65)?
165
Let y = 14618 + -14240. Calculate the remainder when 1141 is divided by y.
7
Calculate the remainder when 19/323*(365495 - 12) is divided by 48.
43
Let f(d) = d + 2. Let m be f(2). Let j(y) = -18*y + 166. Let i be j(9). Calculate the remainder when 25 is divided by m/(20 - i) + (-177)/(-12).
10
Suppose 0 = 326*m - 4839 - 94591. Let p(n) = n**2 - 3*n + 4. What is the remainder when m is divided by p(6)?
19
Suppose h - 5*h - 16 = 0. Let p be (-5)/((16/h)/(-4)). What is the remainder when 128 is divided by (-88)/(-2) + (-5 - p)?
40
Suppose 2*b - 1130 + 1248 = x, -2*b + 462 = 4*x. Calculate the remainder when 4868 is divided by x.
112
Let n(y) = -12*y + 84. Let h be n(13). Let o = h + 108. Calculate the remainder when o is divided by 10.
6
Suppose 17*o - 12*o + 2*m - 3228 = 0, 2*o - 4*m = 1248. What is the remainder when o is divided by 196?
54
Let f(o) = -2*o - 1. Suppose -165*g + 42867 = 41712. Calculate the remainder when f(-7) is divided by g.
6
Let z(c) = -281*c + 62 + 2*c**2 + 120*c + 133*c. What is the remainder when 36 is divided by z(12)?
8
Let c(n) = 1974*n + 2075. Let k be (-9)/6 - (-1)/(-2). Let g(s) = -4*s**3 - s**2 + 2*s + 2. Calculate the remainder when c(-1) is divided by g(k).
23
Let l = -10119 + 13153. What is the remainder when l is divided by 11?
9
Suppose -4535 = -2*o - 5*b, b + 5 = -0. What is the remainder when o is divided by 135?
120
Suppose -22*a - 1755 = -8201. Let p = a + -141. Calculate the remainder when p is divided by 52.
48
Let f be (-3000)/(-68) + (-8)/68*1. Suppose 1137 = f*d + 213. What is the remainder when 58 is divided by d?
16
Let c(r) = 82*r**2 - 92*r + 273. What is the remainder when c(3) is divided by 23?
22
Let s(v) = -2*v + 33. Let i be s(15). Suppose -k + 3*k = 0. Suppose -102 = -i*x - k*x. Calculate the remainder when x is divided by 12.
10
Calculate the remainder when 264/3*(-230)/(-40) is divided by 157.
35
What is the remainder when ((-363118)/(-1295))/(((-2)/5)/(-1)) is divided by 31?
19
What is the remainder when 11*(-10 - (-5868)/132) is divided by ((-128)/(-20))/((-2)/(-20))?
59
Let c(s) = 10*s - 15. Let r be c(2). Suppose 0 = -3*l + 3*z + 813, 7*l + 2*z - 526 = r*l. Calculate the remainder when l is divided by 45.
42
Suppose -33*f = -39*f + 54. Suppose 247 = 2*z + l, -8*z + 499 = -4*z + l. Let h = z - 75. Calculate the remainder when h is divided by f.
6
Let t(w) = 8*w - 33*w + 15 + 22 - 64 + 22. Suppose -4*z - 1 = 7. Calculate the remainder when 129 is divided by t(z).
39
Let l(b) = b**3 + 12*b**2 + 12*b + 5. Let p be l(-8). Suppose 0 = -p*d + 168*d - 42. Suppose 126 = d*k - 42. What is the remainder when k is divided by 5?
2
Calculate the remainder when 7*(-80)/(-120)*(-16947)/(-6) is divided by 103.
100
Let x = 351 + -287. Calculate the remainder when x is divided by 5 + -1 + 150/5.
30
Let a(t) = t**2 + 7*t - 6. Suppose 0 = g, -2*f - g - 9 = -f. Let d be a(f). Calculate the remainder when 149 is divided by d - -7 - (-1 + 1).
16
Let f(h) = -118 - 14*h + 311 - 12*h. Let o(a) = 8*a**2 + a + 2. What is the remainder when f(5) is divided by o(-2)?
31
Suppose -183*i + 18 = -174*i. Calculate the remainder when 56 is divided by (-5 + 3)/(2/(-68)*i).
22
Let j = -1212 + 837. Let d = -349 - j. What is the remainder when 256 is divided by d?
22
Suppose 0 = 2*z - 4*b - 1856, -5*z + 2196 + 2348 = 2*b. Calculate the remainder when z is divided by 28.
16
Let h = 126 - 61. What is the remainder when 375 + (2 - 2) - (2 + 273/(-21)) is divided by h?
61
Suppose -10*r = 2*r - 1680. Suppose -4*s - v = -2*v - r, 3*v = 2*s - 80. What is the remainder when 95 is divided by s?
27
Let l = -1 + -1. Let s(t) = 2*t**2 - 4*t - 3. Let v = 48 - 43. Calculate the remainder when s(l) is divided by v.
3
Suppose -25*q + 276 = -22*q. Let y = q - 84. Calculate the remainder when 44 is divided by y.
4
Let y(x) = 256*x**2 + 13*x + 13. Let a be y(-1). Let n = -149 + a. Calculate the remainder when n is divided by 37.
33
Let l be (-9)/(-9) + -1 + -72. Calculate the remainder when 54 is divided by 1/(-1) - (l + 48).
8
Suppose -4*o + 724*t - 727*t = -2769, -12 = -4*t. Calculate the remainder when o is divided by 28.
18
Suppose 0 = -16*d + 6*d + 1590. Suppose 5*r - d = 166. Let v(g) = 3*g**3 - 3*g**2 + 3*g - 1. Calculate the remainder when r is divided by v(2).
14
Let i(w) = 13*w + 93. Calculate the remainder when 137 is divided by i(-5).
25
Suppose -6*h + 442 = -3*h - a, 2*a = -4*h + 596. Calculate the remainder when 359 is divided by h.
63
What is the remainder when 1198 is divided by 5/(60/504) - 12?
28
Suppose t + 5*c - 39 = 0, 3*t + 8*c = 5*c + 57. Suppose 3*f + t = -5*w + 164, -2*w = -4*f + 226. What is the remainder when 219 is divided by f?
54
Let x(z) = 54*z + 1135. What is the remainder when 3243 is divided by x(-20)?
53
Suppose -9492*u = -9500*u + 744. Calculate the remainder when u is divided by 29.
6
Suppose 13 = -5*w + 38. Suppose 0*l + 3*u = -w*l + 65, -2*u = l - 20. Suppose -l*n + 98 = -3*n. What is the remainder when 83 is divided by n?
13
Let z = -114 + 173. Suppose 9*p - z = 211. Calculate the remainder when 135 is divided by p.
15
Let w(f) = 24*f**2 - 31*f - 150. Calculate the remainder when w(-4) is divided by 93.
79
Suppose -5*i - 13*i = -72. Suppose -j = -3*m - 9, -27*m - i = -23*m. Calculate the remainder when 32 is divided by j.
2
Let t = -8920 + 6205. What is the remainder when t/(-21) + 6/(-21) is divided by ((-3)/5)/((-2)/110)?
30
Let p(j) = 4*j**3 + 4*j**2 + 37*j - 23. What is the remainder when p(9) is divided by 209?
206
Suppose 0 = 17*h + 210 - 1322 - 554. What is the remainder when 1951 is divided by h?
89
Suppose 0 = -q - 3*a + 216, -2*q - 5*a + 887 = 449. Calculate the remainder when 267 is divided by q.
33
Suppose 0 = 3*y + 7*y + 1510. Let v = 162 + y. What is the remainder when 21 is divided by v?
10
Suppose 0 = -2*c + c - 5, 130 = 3*l + c. Suppose -h = -5*s + 79, 5*h + 59 = 3*s + s. Calculate the remainder when s is divided by l/6*16/12.
6
Let p(v) = -2 + 9 + 4 + v**2 + 3*v. Suppose -15*x = 11*x - 1352. What is the remainder when x is divided by p(-6)?
23
Let p be 28/6*(2 + -1 + -4). Let b(x) = x**2 + 2*x - 9. Let t be b(p). Suppose 3*l - t + 90 = 0. What is the remainder when l is divided by 13?
10
Let l(f) = -76*f + 18. Let q be l(-1). Suppose 3*k - q = -2*s, -5*s = 7 + 13. Calculate the remainder when k is divided by 4.
2
Suppose -5*y = -4109 + 104. Let i be y/(-17) - (-6)/51. Let k = i + 64. Calculate the remainder when k is divided by 6.
5
Suppose -3*k - b + 137 = 0, 108 = 2*k + b + 16. Suppose 3*i = 4*o - 288 - 65, o - 237 = 2*i. Let j = i - -205. What is the remainder when j is divided by k?
41
What is the remainder when 4/14 + ((-74784)/(-112) - 17) is divided by 44?
35
Let i(f) = -f**3 - 15*f**2 + 16*f + 14. Let s be 2 + (-18)/(3/3). Suppose -2*g = 4*g - 156. Calculate the remainder when g is divided by i(s).
12
Let g(r) = 5*r - 8. Let s be g(3). Suppose s*n - 230 = 127. Calcula